umber?
True
Is 16273 prime?
True
Is 10711 a composite number?
False
Is 2669 a prime number?
False
Is 8813 a composite number?
True
Is 1551241 a composite number?
False
Is 3127 a prime number?
False
Is 930907 prime?
False
Is 641 a prime number?
True
Is 1373 a composite number?
False
Is 24593 a composite number?
False
Is 6017 a composite number?
True
Is 236722 a prime number?
False
Is 18973 a prime number?
True
Is 21667 a prime number?
False
Is 2059 a prime number?
False
Is 1087 composite?
False
Is 206341 a composite number?
False
Is 11659 a prime number?
False
Is 4637 a composite number?
False
Is 11887 a composite number?
False
Is 338777 prime?
True
Is 208759 a composite number?
False
Is 1727 a prime number?
False
Is 207563 composite?
False
Is 500902 a prime number?
False
Is 307243 composite?
False
Is 252613 composite?
True
Is 4033 a composite number?
True
Is 124717 a composite number?
False
Is 4547 composite?
False
Is 11249 prime?
False
Is 55763 prime?
True
Is 7897 composite?
True
Is 51873 prime?
False
Is 3037 a composite number?
False
Is 794063 a prime number?
True
Is 20021 a prime number?
True
Is 147427 a prime number?
False
Is 203465 composite?
True
Is 5639 a prime number?
True
Is 10007 composite?
False
Is 154201 composite?
True
Is 377303 prime?
False
Is 68638 a prime number?
False
Is 3221 composite?
False
Is 8483 prime?
False
Is 66883 a prime number?
True
Is 81509 composite?
False
Is 37273 a prime number?
True
Is 1395349 composite?
True
Is 128809 a prime number?
False
Is 6638 a composite number?
True
Is 81731 composite?
True
Is 5623 a prime number?
True
Is 801883 a prime number?
True
Is 292561 a composite number?
False
Is 166673 prime?
False
Is 37441 a prime number?
True
Is 194239 composite?
False
Is 76827 a composite number?
True
Is 1363 prime?
False
Is 709 composite?
False
Is 14429 a composite number?
True
Is 1685 prime?
False
Is 46855 prime?
False
Is 75382 composite?
True
Is 56731 prime?
True
Is 175811 composite?
False
Is 3653 prime?
False
Is 12499 a composite number?
True
Is 615709 a prime number?
True
Is 6560413 a composite number?
False
Is 1589371 a prime number?
False
Is 36029 prime?
False
Is 17035 a composite number?
True
Is 50441 a prime number?
True
Is 8251 composite?
True
Is 13309 a composite number?
False
Is 5509 a composite number?
True
Is 1986497 prime?
True
Is 555245 composite?
True
Is 1031 a prime number?
True
Is 5951 a composite number?
True
Is 599 a composite number?
False
Is 38881 a composite number?
True
Is 936311 composite?
False
Is 19553 composite?
False
Is 324661 a composite number?
False
Is 6599 a prime number?
True
Is 365203 a prime number?
False
Is 14951 prime?
True
Is 1123 composite?
False
Is 5563 a prime number?
True
Is 403411 a prime number?
False
Is 37234 a composite number?
True
Is 521 a composite number?
False
Is 451 composite?
True
Is 745 a prime number?
False
Is 469279 a composite number?
False
Is 20782 composite?
True
Is 36637 composite?
False
Is 1619 a composite number?
False
Is 587 composite?
False
Is 19571 prime?
True
Is 579601 composite?
True
Is 4769 prime?
False
Is 5533 prime?
False
Is 2437 composite?
False
Is 105709 prime?
False
Is 7207 prime?
True
Is 62773 a composite number?
False
Is 8527 prime?
True
Is 312383 a prime number?
True
Is 24439 a composite number?
False
Is 64006 a composite number?
True
Is 768259 a prime number?
True
Is 67403 a prime number?
False
Is 6521 a prime number?
True
Is 144161 a prime number?
True
Is 39323 a prime number?
True
Is 2249 composite?
True
Is 84971 a composite number?
True
Is 47777 a composite number?
False
Is 14369 composite?
False
Is 79522 a prime number?
False
Is 6311 a composite number?
False
Is 1202639 a composite number?
True
Is 48305 prime?
False
Is 14501 a composite number?
True
Is 23089 composite?
True
Is 2477 a prime number?
True
Is 219197 a composite number?
True
Is 1151 composite?
False
Is 11721 a prime number?
False
Is 6193 a composite number?
True
Is 46753 a composite number?
True
Is 796217 a prime number?
True
Is 60097 prime?
False
Is 17521 composite?
True
Is 53999 prime?
False
Is 26053 composite?
False
Is 941827 composite?
True
Is 11965 a composite number?
True
Is 103471 prime?
True
Is 3076295 a composite number?
True
Is 51109 a prime number?
True
Is 40571 a prime number?
False
Is 26761 a composite number?
True
Is 93281 a prime number?
True
Is 357301 composite?
True
Is 1114243 a composite number?
True
Is 2032949 composite?
True
Is 25249 a composite number?
True
Is 40031 composite?
False
Is 639382 a prime number?
False
Is 21961 composite?
False
Is 183871 prime?
True
Is 175843 a prime number?
True
Is 6799 a prime number?
False
Is 29119 composite?
True
Is 17693 prime?
False
Is 3303289 a prime number?
False
Is 37039 composite?
False
Is 19967 a prime number?
False
Is 74837 a composite number?
True
Is 29593 a composite number?
True
Is 11967 a composite number?
True
Is 47681 a composite number?
False
Is 69821 prime?
True
Is 3389 composite?
False
Is 333199 prime?
False
Is 77191 composite?
False
Is 671 prime?
False
Is 28591 composite?
False
Is 239789 composite?
True
Is 794191 a composite number?
False
Is 8741 a composite number?
False
Is 2153 composite?
False
Is 9235 composite?
True
Is 375743 prime?
True
Is 37537 a composite number?
False
Is 97 prime?
True
Is 843773 a prime number?
False
Is 249703 prime?
True
Is 3986 a prime number?
False
Is 135389 a composite number?
False
Is 75289 a composite number?
False
Is 6163 composite?
False
Is 11959 prime?
True
Is 6178 prime?
False
Is 4281 a composite number?
True
Is 73061 a composite number?
False
Is 439 a prime number?
True
Is 1214261 a composite number?
False
Is 20621 a prime number?
False
Is 179021 composite?
False
Is 13577 prime?
True
Is 12239 prime?
True
Is 30297 a prime number?
False
Is 13613 composite?
False
Is 5147 composite?
False
Is 120331 prime?
True
Is 32869 prime?
True
Is 99965 a prime number?
False
Is 9115 a composite number?
True
Is 9601 a composite number?
False
Is 74471 a composite number?
False
Is 8299 a prime number?
False
Is 415979 prime?
True
Is 10651 composite?
False
Is 87083 composite?
False
Is 62851 a composite number?
False
Is 75127 composite?
True
Is 27191 prime?
True
Is 891399 composite?
True
Is 503 prime?
True
Is 16477 composite?
False
Is 142271 prime?
True
Is 15014 a composite number?
True
Is 22497 a prime number?
False
Is 292427 prime?
True
Is 150637 a composite number?
True
Is 8609 a composite number?
False
Is 7723 a composite number?
False
Is 37831 prime?
True
Is 431 prime?
True
Is 60377 a composite number?
True
Is 203417 prime?
True
Is 400823 composite?
False
Is 1397 a composite number?
True
Is 178469 a prime number?
True
Is 14026 prime?
False
Is 320363 prime?
False
Is 94681 composite?
True
Is 110711 composite?
False
Is 2272895 a composite number?
True
Is 57899 a composite number?
False
Is 23939 composite?
True
Is 31009 a prime number?
False
Is 16321 a composite number?
True
Is 20653 composite?
True
Is 152509 prime?
False
Is 505559 a prime number?
True
Is 229927 prime?
False
Is 16901 a prime number?
True
Is 2333 prime?
True
Is 28349 composite?
False
Is 1476037 a prime number?
False
Is 190607 composite?
False
Is 6803 composite?
False
Is 38667 composite?
True
Is 21961 composite?
False
Is 46549 a prime number?
True
Is 18037 composite?
True
Is 7747 composite?
True
Is 1195 composite?
True
Is 793811 prime?
False
Is 21155 prime?
False
Is 4861 prime?
True
Is 36911 prime?
False
Is 180013 a composite number?
True
Is 6211 composite?
False
Is 92269 a prime number?
True
Is 742013 a composite number?
True
Is 58889 a composite number?
False
Is 10289 a composite number?
False
Is 13553 a composite number?
False
Is 80887 composite?
True
Is 506969 a composite number?
True
Is 13051391 a composite number?
False
Is 2787 prime?
False
Is 155269 a prime number?
True
Is 149689 a prime number?
True
Is 223 prime?
True
Is 6173 a prime number?
True
Is 71633 composite?
False
Is 2642513 a composite number?
False
Is 3601 a prime number?
False
Is 55127 a prime number?
True
Is 5261 prime?
True
Is 3407 a composite number?
False
Is 56449 prime?
False
Is 104047 composite?
False
Is 10057 composite?
True
Is 106127 composite?
True
Is 377033 composite?
True
Is 99551 prime?
True
Is 2038747 a prime number?
True
Is 10061 c